{"id":1018,"date":"2018-03-12T10:40:17","date_gmt":"2018-03-12T09:40:17","guid":{"rendered":"http:\/\/www.rinkenijburg.com\/wordpress\/?page_id=1018"},"modified":"2018-03-12T10:56:30","modified_gmt":"2018-03-12T09:56:30","slug":"tondo-drawings","status":"publish","type":"page","link":"https:\/\/www.rinkenijburg.com\/wordpress\/?page_id=1018","title":{"rendered":"Tondo Drawings"},"content":{"rendered":"<pre><a href=\"https:\/\/www.rinkenijburg.com\/wordpress\/wp-content\/uploads\/2018\/03\/RN2017_BlackSky_IMG_8383_BBB_LR.jpg\"><img loading=\"lazy\" decoding=\"async\" class=\"alignnone size-large wp-image-1021\" src=\"https:\/\/www.rinkenijburg.com\/wordpress\/wp-content\/uploads\/2018\/03\/RN2017_BlackSky_IMG_8383_BBB_LR-1024x1024.jpg\" alt=\"RN2017_BlackSky_IMG_8383_BBB_LR\" width=\"474\" height=\"474\" srcset=\"https:\/\/www.rinkenijburg.com\/wordpress\/wp-content\/uploads\/2018\/03\/RN2017_BlackSky_IMG_8383_BBB_LR-1024x1024.jpg 1024w, https:\/\/www.rinkenijburg.com\/wordpress\/wp-content\/uploads\/2018\/03\/RN2017_BlackSky_IMG_8383_BBB_LR-150x150.jpg 150w, https:\/\/www.rinkenijburg.com\/wordpress\/wp-content\/uploads\/2018\/03\/RN2017_BlackSky_IMG_8383_BBB_LR-300x300.jpg 300w, https:\/\/www.rinkenijburg.com\/wordpress\/wp-content\/uploads\/2018\/03\/RN2017_BlackSky_IMG_8383_BBB_LR-768x768.jpg 768w, https:\/\/www.rinkenijburg.com\/wordpress\/wp-content\/uploads\/2018\/03\/RN2017_BlackSky_IMG_8383_BBB_LR.jpg 1134w\" sizes=\"auto, (max-width: 474px) 100vw, 474px\" \/><\/a><span style=\"color: #000000;\"><strong>White Smoke<\/strong> <\/span>\r\n<span style=\"color: #000000;\">Tondo No 10\r\n2017 \r\ncharcoal, pastels and colorpencil on paper \r\n\u00d8 111 cm\r\n<\/span><\/pre>\n<p>&nbsp;<\/p>\n<pre><a href=\"https:\/\/www.rinkenijburg.com\/wordpress\/wp-content\/uploads\/2015\/07\/RNTEK2009_Tondo008_ColdStone_LR.jpg\"><img loading=\"lazy\" decoding=\"async\" class=\"alignnone wp-image-830 \" src=\"https:\/\/www.rinkenijburg.com\/wordpress\/wp-content\/uploads\/2015\/07\/RNTEK2009_Tondo008_ColdStone_LR.jpg\" sizes=\"auto, (max-width: 440px) 100vw, 440px\" srcset=\"https:\/\/www.rinkenijburg.com\/wordpress\/wp-content\/uploads\/2015\/07\/RNTEK2009_Tondo008_ColdStone_LR.jpg 774w, https:\/\/www.rinkenijburg.com\/wordpress\/wp-content\/uploads\/2015\/07\/RNTEK2009_Tondo008_ColdStone_LR-150x150.jpg 150w, https:\/\/www.rinkenijburg.com\/wordpress\/wp-content\/uploads\/2015\/07\/RNTEK2009_Tondo008_ColdStone_LR-300x300.jpg 300w\" alt=\"RNTEK2009_Tondo008_ColdStone_LR\" width=\"440\" height=\"440\" \/><\/a><strong>\r\n\r\nCold Stone\r\n<\/strong>Tondo No 8\r\n2009 \r\ncharcoal, pastels and colorpencil on paper \r\n\u00d8 111 cm \r\nPrivate Collection (NL)\r\n\r\n<\/pre>\n<p>&nbsp;<\/p>\n<pre><a href=\"https:\/\/www.rinkenijburg.com\/wordpress\/wp-content\/uploads\/2015\/07\/RNTEK2009_Tondo007_TheEnd_072dpi.jpg\"><img loading=\"lazy\" decoding=\"async\" class=\"alignnone wp-image-827 \" src=\"https:\/\/www.rinkenijburg.com\/wordpress\/wp-content\/uploads\/2015\/07\/RNTEK2009_Tondo007_TheEnd_072dpi.jpg\" sizes=\"auto, (max-width: 440px) 100vw, 440px\" srcset=\"https:\/\/www.rinkenijburg.com\/wordpress\/wp-content\/uploads\/2015\/07\/RNTEK2009_Tondo007_TheEnd_072dpi.jpg 595w, https:\/\/www.rinkenijburg.com\/wordpress\/wp-content\/uploads\/2015\/07\/RNTEK2009_Tondo007_TheEnd_072dpi-150x150.jpg 150w, https:\/\/www.rinkenijburg.com\/wordpress\/wp-content\/uploads\/2015\/07\/RNTEK2009_Tondo007_TheEnd_072dpi-300x300.jpg 300w\" alt=\"RNTEK2009_Tondo007_TheEnd_072dpi\" width=\"440\" height=\"440\" \/><\/a>\r\n\r\n<strong>The End at 3 PM\r\n<\/strong>Tondo No 7\r\n2009 \r\ncharcoal, pastels and colorpencil on paper \r\n\u00d8 111 cm\r\n\r\n<\/pre>\n<p>&nbsp;<\/p>\n<pre><img loading=\"lazy\" decoding=\"async\" class=\"alignnone wp-image-822 \" src=\"https:\/\/www.rinkenijburg.com\/wordpress\/wp-content\/uploads\/2015\/07\/RNTEK2009_Tondo004_ComingSoon_LR.jpg\" sizes=\"auto, (max-width: 440px) 100vw, 440px\" srcset=\"https:\/\/www.rinkenijburg.com\/wordpress\/wp-content\/uploads\/2015\/07\/RNTEK2009_Tondo004_ComingSoon_LR.jpg 850w, https:\/\/www.rinkenijburg.com\/wordpress\/wp-content\/uploads\/2015\/07\/RNTEK2009_Tondo004_ComingSoon_LR-150x150.jpg 150w, https:\/\/www.rinkenijburg.com\/wordpress\/wp-content\/uploads\/2015\/07\/RNTEK2009_Tondo004_ComingSoon_LR-300x300.jpg 300w\" alt=\"RNTEK2009_Tondo004_ComingSoon_LR\" width=\"440\" height=\"440\" \/> \r\n<strong>\r\nComing Soon\r\n<\/strong>Tondo No 4\r\n2009 \r\ncharcoal, pastels and colorpencil on paper \r\n\u00d8 111 cm\r\n\r\n<\/pre>\n<p>&nbsp;<\/p>\n<pre><a href=\"https:\/\/www.rinkenijburg.com\/wordpress\/wp-content\/uploads\/2015\/07\/RNTEK2009_Tondo001_NightDay_LR.jpg\"><img loading=\"lazy\" decoding=\"async\" class=\"alignnone wp-image-829 \" src=\"https:\/\/www.rinkenijburg.com\/wordpress\/wp-content\/uploads\/2015\/07\/RNTEK2009_Tondo001_NightDay_LR-1024x1024.jpg\" sizes=\"auto, (max-width: 440px) 100vw, 440px\" srcset=\"https:\/\/www.rinkenijburg.com\/wordpress\/wp-content\/uploads\/2015\/07\/RNTEK2009_Tondo001_NightDay_LR-1024x1024.jpg 1024w, https:\/\/www.rinkenijburg.com\/wordpress\/wp-content\/uploads\/2015\/07\/RNTEK2009_Tondo001_NightDay_LR-150x150.jpg 150w, https:\/\/www.rinkenijburg.com\/wordpress\/wp-content\/uploads\/2015\/07\/RNTEK2009_Tondo001_NightDay_LR-300x300.jpg 300w, https:\/\/www.rinkenijburg.com\/wordpress\/wp-content\/uploads\/2015\/07\/RNTEK2009_Tondo001_NightDay_LR.jpg 1077w\" alt=\"RNTEK2009_Tondo001_Night&amp;Day_LR\" width=\"440\" height=\"440\" \/><\/a><strong>\r\n\r\nDivission of Night and Day at 3 PM\r\n<\/strong>Tondo No 1\r\n2009 \r\ncharcoal, pastels and colorpencil on paper \r\n\u00d8 111 cm\r\n\r\n<\/pre>\n<p>&nbsp;<\/p>\n<div class='sfsi_Sicons' style='width: 100%; display: inline-block; vertical-align: middle; text-align:left'><div style='margin:0px 8px 0px 0px; line-height: 24px'><span>Please like & share:<\/span><\/div><div class='sfsi_socialwpr'><div class='sf_fb' style='text-align:left;width:52px'><div class=\"fb-like\" href=\"https:\/\/www.rinkenijburg.com\/wordpress\/?page_id=1018\" width=\"180\" send=\"false\" showfaces=\"false\"  action=\"like\" data-share=\"false\" data-layout=\"button\" ><\/div><\/div><div class='sf_google' style='text-align:left;float:left;max-width:62px;min-width:35px;'><div class=\"g-plusone\" data-href=\"https:\/\/www.rinkenijburg.com\/wordpress\/?page_id=1018\" data-size=\"large\" data-annotation=\"none\" ><\/div><\/div><div class='sf_addthis'> <script type=\"text\/javascript\">\r\n\t\t\tvar addthis_config = {\r\n\t\t\t\t url: \"https:\/\/www.rinkenijburg.com\/wordpress\/?page_id=1018\",\r\n\t\t\t\t title: \"Tondo Drawings\"\r\n\t\t\t}\r\n\t\t\t<\/script><div class=\"addthis_toolbox addthis_default_style addthis_20x20_style\" addthis:url=\"https:\/\/www.rinkenijburg.com\/wordpress\/?page_id=1018\" addthis:title=\"Tondo Drawings\"><a class=\"addthis_button_compact \" href=\"#\">  <img decoding=\"async\" src=\"https:\/\/www.rinkenijburg.com\/wordpress\/wp-content\/plugins\/ultimate-social-media-icons\/images\/sharebtn.png\"  border=\"0\" alt=\"Share\" \/><\/a><\/div><\/div><\/div><\/div>","protected":false},"excerpt":{"rendered":"<p>White Smoke Tondo No 10 2017 charcoal, pastels and colorpencil on paper \u00d8 111 cm &nbsp; Cold Stone Tondo No 8 2009 charcoal, pastels and colorpencil on paper \u00d8 111 cm Private Collection (NL) &nbsp; The End at 3 PM Tondo No 7 2009 charcoal, pastels and colorpencil on paper \u00d8 111 cm &nbsp; Coming [&hellip;]<\/p>\n","protected":false},"author":1,"featured_media":0,"parent":0,"menu_order":1,"comment_status":"closed","ping_status":"closed","template":"","meta":{"footnotes":""},"class_list":["post-1018","page","type-page","status-publish","hentry"],"_links":{"self":[{"href":"https:\/\/www.rinkenijburg.com\/wordpress\/index.php?rest_route=\/wp\/v2\/pages\/1018","targetHints":{"allow":["GET"]}}],"collection":[{"href":"https:\/\/www.rinkenijburg.com\/wordpress\/index.php?rest_route=\/wp\/v2\/pages"}],"about":[{"href":"https:\/\/www.rinkenijburg.com\/wordpress\/index.php?rest_route=\/wp\/v2\/types\/page"}],"author":[{"embeddable":true,"href":"https:\/\/www.rinkenijburg.com\/wordpress\/index.php?rest_route=\/wp\/v2\/users\/1"}],"replies":[{"embeddable":true,"href":"https:\/\/www.rinkenijburg.com\/wordpress\/index.php?rest_route=%2Fwp%2Fv2%2Fcomments&post=1018"}],"version-history":[{"count":5,"href":"https:\/\/www.rinkenijburg.com\/wordpress\/index.php?rest_route=\/wp\/v2\/pages\/1018\/revisions"}],"predecessor-version":[{"id":1025,"href":"https:\/\/www.rinkenijburg.com\/wordpress\/index.php?rest_route=\/wp\/v2\/pages\/1018\/revisions\/1025"}],"wp:attachment":[{"href":"https:\/\/www.rinkenijburg.com\/wordpress\/index.php?rest_route=%2Fwp%2Fv2%2Fmedia&parent=1018"}],"curies":[{"name":"wp","href":"https:\/\/api.w.org\/{rel}","templated":true}]}}