{"id":75,"date":"2014-10-16T11:52:10","date_gmt":"2014-10-16T10:52:10","guid":{"rendered":"http:\/\/rinkenijburg.wordpress.com\/?page_id=75"},"modified":"2016-10-23T13:08:49","modified_gmt":"2016-10-23T12:08:49","slug":"editions","status":"publish","type":"page","link":"https:\/\/www.rinkenijburg.com\/wordpress\/?page_id=75","title":{"rendered":"Editions"},"content":{"rendered":"<pre><span style=\"color: #808080;\">The editions below are still available altough some are almost sold out. If you want to purchase an edition you can contact the publisher by sending an email.<\/span><\/pre>\n<pre><strong><a href=\"https:\/\/www.rinkenijburg.com\/wordpress\/wp-content\/uploads\/2014\/10\/RN2016_BiennaleGLD_SAM_3134_DDD_LR.jpg\"><img loading=\"lazy\" decoding=\"async\" class=\"alignnone wp-image-867\" src=\"https:\/\/www.rinkenijburg.com\/wordpress\/wp-content\/uploads\/2014\/10\/RN2016_BiennaleGLD_SAM_3134_DDD_LR.jpg\" alt=\"rn2016_biennalegld_sam_3134_ddd_lr\" width=\"400\" height=\"400\" srcset=\"https:\/\/www.rinkenijburg.com\/wordpress\/wp-content\/uploads\/2014\/10\/RN2016_BiennaleGLD_SAM_3134_DDD_LR.jpg 850w, https:\/\/www.rinkenijburg.com\/wordpress\/wp-content\/uploads\/2014\/10\/RN2016_BiennaleGLD_SAM_3134_DDD_LR-150x150.jpg 150w, https:\/\/www.rinkenijburg.com\/wordpress\/wp-content\/uploads\/2014\/10\/RN2016_BiennaleGLD_SAM_3134_DDD_LR-300x300.jpg 300w, https:\/\/www.rinkenijburg.com\/wordpress\/wp-content\/uploads\/2014\/10\/RN2016_BiennaleGLD_SAM_3134_DDD_LR-768x768.jpg 768w\" sizes=\"auto, (max-width: 400px) 100vw, 400px\" \/><\/a>\r\n\r\n<span style=\"color: #ff0000;\">NEW PRINT!<\/span><\/strong>\r\n \r\n<strong>Ground Control ZERO<\/strong> \u00a0\r\nPeephole 1 (The Eye of Thy Father)\r\n2016\r\npi\u00ebzzoprint on Hahnem\u00fchle-paper \r\npi\u00ebzzoprint op Hahnem\u00fchle-papier\r\n33 x 33 cm\r\n\r\n<span style=\"color: #ff0000;\">\u20ac 125, -<\/span> \r\nedition I oplage 12\u00a0 \r\nartist's edition I uitgave kunstenaar \r\n\r\n<a href=\"mailto:rinkenijburg@upcmail.nl\">rinkenijburg@upcmail.nl<\/a><\/pre>\n<pre><a href=\"https:\/\/www.rinkenijburg.com\/wordpress\/wp-content\/uploads\/2014\/10\/rinkenijburg2014_blowsoftlyhere_01-25_img_4026_aaa_072dpi.jpg\"><img loading=\"lazy\" decoding=\"async\" class=\"alignnone wp-image-78\" src=\"https:\/\/www.rinkenijburg.com\/wordpress\/wp-content\/uploads\/2014\/10\/rinkenijburg2014_blowsoftlyhere_01-25_img_4026_aaa_072dpi.jpg?w=300\" alt=\"RinkeNijburg2014_BlowSoftlyHere_01-25_IMG_4026_AAA_072dpi\" width=\"441\" height=\"302\" srcset=\"https:\/\/www.rinkenijburg.com\/wordpress\/wp-content\/uploads\/2014\/10\/rinkenijburg2014_blowsoftlyhere_01-25_img_4026_aaa_072dpi.jpg 851w, https:\/\/www.rinkenijburg.com\/wordpress\/wp-content\/uploads\/2014\/10\/rinkenijburg2014_blowsoftlyhere_01-25_img_4026_aaa_072dpi-300x205.jpg 300w\" sizes=\"auto, (max-width: 441px) 100vw, 441px\" \/><\/a><strong>\r\n\r\nBlow Softly Here<\/strong>\r\n2014\r\netching, silkscreen and acrylics on paper\r\n20 x 30 cm\r\n\r\n<span style=\"color: #ff6600;\"><span style=\"color: #ff0000;\">\u20ac 135, -<\/span>\r\n<\/span>edition I oplage 25\r\npublisher Arnhems Museum &amp; Plaatsmaken Arnhem (NL)\r\nsilkscreen Mars F. Wellink (Plaatsmaken)\r\n\r\n<a href=\"mailto:info@plaatsmaken.nl\">info@plaatsmaken.nl<\/a> <a href=\"http:\/\/www.plaatsmaken.nl\" target=\"_blank\">www.plaatsmaken.nl<\/a><\/pre>\n<p>&nbsp;<\/p>\n<p>&nbsp;<\/p>\n<p>&nbsp;<\/p>\n<p>&nbsp;<\/p>\n<div class='sfsi_Sicons' style='width: 100%; display: inline-block; vertical-align: middle; text-align:left'><div style='margin:0px 8px 0px 0px; line-height: 24px'><span>Please like & share:<\/span><\/div><div class='sfsi_socialwpr'><div class='sf_fb' style='text-align:left;width:52px'><div class=\"fb-like\" href=\"https:\/\/www.rinkenijburg.com\/wordpress\/?page_id=75\" width=\"180\" send=\"false\" showfaces=\"false\"  action=\"like\" data-share=\"false\" data-layout=\"button\" ><\/div><\/div><div class='sf_google' style='text-align:left;float:left;max-width:62px;min-width:35px;'><div class=\"g-plusone\" data-href=\"https:\/\/www.rinkenijburg.com\/wordpress\/?page_id=75\" data-size=\"large\" data-annotation=\"none\" ><\/div><\/div><div class='sf_addthis'> <script type=\"text\/javascript\">\r\n\t\t\tvar addthis_config = {\r\n\t\t\t\t url: \"https:\/\/www.rinkenijburg.com\/wordpress\/?page_id=75\",\r\n\t\t\t\t title: \"Editions\"\r\n\t\t\t}\r\n\t\t\t<\/script><div class=\"addthis_toolbox addthis_default_style addthis_20x20_style\" addthis:url=\"https:\/\/www.rinkenijburg.com\/wordpress\/?page_id=75\" addthis:title=\"Editions\"><a class=\"addthis_button_compact \" href=\"#\">  <img decoding=\"async\" src=\"https:\/\/www.rinkenijburg.com\/wordpress\/wp-content\/plugins\/ultimate-social-media-icons\/images\/sharebtn.png\"  border=\"0\" alt=\"Share\" \/><\/a><\/div><\/div><\/div><\/div>","protected":false},"excerpt":{"rendered":"<p>The editions below are still available altough some are almost sold out. If you want to purchase an edition you can contact the publisher by sending an email. NEW PRINT! Ground Control ZERO \u00a0 Peephole 1 (The Eye of Thy Father) 2016 pi\u00ebzzoprint on Hahnem\u00fchle-paper pi\u00ebzzoprint op Hahnem\u00fchle-papier 33 x 33 cm \u20ac 125, &#8211; [&hellip;]<\/p>\n","protected":false},"author":1,"featured_media":0,"parent":0,"menu_order":6,"comment_status":"open","ping_status":"open","template":"","meta":{"footnotes":""},"class_list":["post-75","page","type-page","status-publish","hentry"],"_links":{"self":[{"href":"https:\/\/www.rinkenijburg.com\/wordpress\/index.php?rest_route=\/wp\/v2\/pages\/75","targetHints":{"allow":["GET"]}}],"collection":[{"href":"https:\/\/www.rinkenijburg.com\/wordpress\/index.php?rest_route=\/wp\/v2\/pages"}],"about":[{"href":"https:\/\/www.rinkenijburg.com\/wordpress\/index.php?rest_route=\/wp\/v2\/types\/page"}],"author":[{"embeddable":true,"href":"https:\/\/www.rinkenijburg.com\/wordpress\/index.php?rest_route=\/wp\/v2\/users\/1"}],"replies":[{"embeddable":true,"href":"https:\/\/www.rinkenijburg.com\/wordpress\/index.php?rest_route=%2Fwp%2Fv2%2Fcomments&post=75"}],"version-history":[{"count":13,"href":"https:\/\/www.rinkenijburg.com\/wordpress\/index.php?rest_route=\/wp\/v2\/pages\/75\/revisions"}],"predecessor-version":[{"id":926,"href":"https:\/\/www.rinkenijburg.com\/wordpress\/index.php?rest_route=\/wp\/v2\/pages\/75\/revisions\/926"}],"wp:attachment":[{"href":"https:\/\/www.rinkenijburg.com\/wordpress\/index.php?rest_route=%2Fwp%2Fv2%2Fmedia&parent=75"}],"curies":[{"name":"wp","href":"https:\/\/api.w.org\/{rel}","templated":true}]}}